{"id":138,"date":"2017-04-25T17:27:49","date_gmt":"2017-04-25T17:27:49","guid":{"rendered":"http:\/\/www.expofuturo.cl\/?page_id=138"},"modified":"2025-08-06T15:10:15","modified_gmt":"2025-08-06T19:10:15","slug":"quienes-somos","status":"publish","type":"page","link":"https:\/\/www.expofuturo.cl\/index.php\/quienes-somos\/","title":{"rendered":"QUI\u00c9NES SOMOS"},"content":{"rendered":"<p>[et_pb_section fb_built=\u00bb1&#8243; admin_label=\u00bbsection\u00bb _builder_version=\u00bb4.16&#8243; global_colors_info=\u00bb{}\u00bb][et_pb_row admin_label=\u00bbrow\u00bb _builder_version=\u00bb4.16&#8243; background_size=\u00bbinitial\u00bb background_position=\u00bbtop_left\u00bb background_repeat=\u00bbrepeat\u00bb global_colors_info=\u00bb{}\u00bb][et_pb_column type=\u00bb4_4&#8243; _builder_version=\u00bb4.16&#8243; custom_padding=\u00bb|||\u00bb global_colors_info=\u00bb{}\u00bb custom_padding__hover=\u00bb|||\u00bb][et_pb_text admin_label=\u00bbText\u00bb _builder_version=\u00bb4.16&#8243; background_size=\u00bbinitial\u00bb background_position=\u00bbtop_left\u00bb background_repeat=\u00bbrepeat\u00bb global_colors_info=\u00bb{}\u00bb]<\/p>\n<p style=\"text-align: justify;\">ExpoFuturo es una feria vocacional en la que no s\u00f3lo participan los estudiantes de los colegios anfitriones, ya que por ser abierta al p\u00fablico, atrae a j\u00f3venes y estudiantes provenientes de otros establecimientos educacionales de la comuna.<\/p>\n<p style=\"text-align: justify;\">El evento que surgi\u00f3 como una jornada de ex-alumnos y para alumnos del Colegio El Salvador, hoy se abre al trabajo colaborativo con el Colegio Newen, con el af\u00e1n de fortalecer el intercambio de experiencias pedag\u00f3gicas e involucrar activamente a los padres, madres, apoderados y estudiantes de nuestra comuna. Este es un evento abierto sin inscripci\u00f3n previa.<\/p>\n<p style=\"text-align: justify;\">En ExpoFuturo adem\u00e1s de la participaci\u00f3n de universitarios de distintas \u00e1reas, tambi\u00e9n se hacen presente las Fuerzas Armadas y de Orden. Se suman tambi\u00e9n una serie de instituciones que presentan su oferta acad\u00e9mica universitaria y t\u00e9cnica profesional.<\/p>\n<p>[\/et_pb_text][\/et_pb_column][\/et_pb_row][\/et_pb_section]<\/p>\n","protected":false},"excerpt":{"rendered":"<p>ExpoFuturo es una feria vocacional en la que no s\u00f3lo participan los estudiantes de los colegios anfitriones, ya que por ser abierta al p\u00fablico, atrae a j\u00f3venes y estudiantes provenientes de otros establecimientos educacionales de la comuna. El evento que surgi\u00f3 como una jornada de ex-alumnos y para alumnos del Colegio El Salvador, hoy se [&hellip;]<\/p>\n","protected":false},"author":1,"featured_media":184,"parent":0,"menu_order":0,"comment_status":"closed","ping_status":"closed","template":"","meta":{"_et_pb_use_builder":"on","_et_pb_old_content":"<p style=\"text-align: justify;\">Actividad de orientaci\u00f3n vocacional temprana donde ex alumnos del colegio El Salvador exponen su experiencia en la educaci\u00f3n superior. Es por ello que se extiende la invitaci\u00f3n a participar en este importante evento abierto a la comunidad.<\/p>\r\n<p style=\"text-align: justify;\">ExpoFuturo es una feria vocacional en la que no solo participan los estudiantes del colegio El Salvador, ya que por ser abierta al p\u00fablico, atrae a j\u00f3venes y estudiantes provenientes de otros establecimientos educacionales de la comuna.<\/p>\r\n<p style=\"text-align: justify;\">El evento que surgi\u00f3 como una jornada de ex-alumnos y para alumnos del Colegio El Salvador, ahora es abierto para los secundarios de los colegios de San Vicente, adem\u00e1s de comunas como Peumo, Las Cabras, Pichidegua, Rengo e incluso Rancagua y San Fernando.<\/p>\r\n<p style=\"text-align: justify;\">En ExpoFuturo adem\u00e1s de la participaci\u00f3n de universitarios de distintas \u00e1reas tambi\u00e9n se hacen presente las Fuerzas Armadas y de Orden, a trav\u00e9s de la Polic\u00eda de Investigaciones, Escuela de Carabineros, Escuela Militar, Armada y Fuerza A\u00e9rea. Todos los participantes, cuentan tambi\u00e9n con el apoyo de sus entidades superiores.<\/p>","_et_gb_content_width":"","footnotes":""},"class_list":["post-138","page","type-page","status-publish","has-post-thumbnail","hentry"],"_links":{"self":[{"href":"https:\/\/www.expofuturo.cl\/index.php\/wp-json\/wp\/v2\/pages\/138","targetHints":{"allow":["GET"]}}],"collection":[{"href":"https:\/\/www.expofuturo.cl\/index.php\/wp-json\/wp\/v2\/pages"}],"about":[{"href":"https:\/\/www.expofuturo.cl\/index.php\/wp-json\/wp\/v2\/types\/page"}],"author":[{"embeddable":true,"href":"https:\/\/www.expofuturo.cl\/index.php\/wp-json\/wp\/v2\/users\/1"}],"replies":[{"embeddable":true,"href":"https:\/\/www.expofuturo.cl\/index.php\/wp-json\/wp\/v2\/comments?post=138"}],"version-history":[{"count":7,"href":"https:\/\/www.expofuturo.cl\/index.php\/wp-json\/wp\/v2\/pages\/138\/revisions"}],"predecessor-version":[{"id":444,"href":"https:\/\/www.expofuturo.cl\/index.php\/wp-json\/wp\/v2\/pages\/138\/revisions\/444"}],"wp:featuredmedia":[{"embeddable":true,"href":"https:\/\/www.expofuturo.cl\/index.php\/wp-json\/wp\/v2\/media\/184"}],"wp:attachment":[{"href":"https:\/\/www.expofuturo.cl\/index.php\/wp-json\/wp\/v2\/media?parent=138"}],"curies":[{"name":"wp","href":"https:\/\/api.w.org\/{rel}","templated":true}]}}